 List the prime factors of m.
17, 67
Suppose 5*g - 29658 = -3*q, -104*q - 11874 = -2*g - 107*q. List the prime factors of g.
2, 3, 13, 19
Let l = -152 - -117. What are the prime factors of l/140 + 929/4?
2, 29
Suppose -25 = 5*b, 64*w - 59*w - 3*b - 55295 = 0. List the prime factors of w.
2, 691
Suppose 7*d + 846 = -1989. Let w = d - -524. List the prime factors of w.
7, 17
Let y = 220 - 285. What are the prime factors of 15366/y*5/(-2)?
3, 197
Let c(g) = -3*g**3 + 148*g**2 + 3*g - 111. What are the prime factors of c(37)?
37
Suppose -9*z = 139 + 14. List the prime factors of (z*7)/((-7)/49).
7, 17
Let n = -101 + 103. Suppose 3*f + 5*o = 1512, -691 = -4*f + 2*o + 1299. Suppose 0 = 3*m + 2*b - 766, -4*b + f = n*m - 5*b. List the prime factors of m.
2, 3, 7
Let z be ((-120)/48)/(2/(-8)). Suppose -z*x + 15*x = 1195. What are the prime factors of x?
239
Let x = 17340 - 10788. List the prime factors of x.
2, 3, 7, 13
List the prime factors of 4*2 + 93828/((-378)/(-18)).
2, 3, 373
Let j be 7 + (-3 + 2)*-1. Let f be j/(-52) + (-112)/(-52). Suppose f*a = 5*a + 3*r - 69, -3*r - 7 = -a. What are the prime factors of a?
19
What are the prime factors of (-32*(-21)/(-588))/(2/(-4949))?
2, 7, 101
Let w be ((-2)/4)/((-14)/28). Let h be w/5 + (-56)/(-70) - -31. Let a = h - 0. What are the prime factors of a?
2
Suppose -10*y - 88 = -21*y. Suppose -y*n + 288 = -3176. List the prime factors of n.
433
Let n(b) = 80*b**3 - 78*b**3 - b + 33 - 3*b**2 - 2*b**2 + 2*b**2 + 2*b**2. Let v = -2 + 2. What are the prime factors of n(v)?
3, 11
Suppose 3*o + 0 = 36. What are the prime factors of (1 - (-474)/8)*o?
3, 241
Suppose -1787 = 9*u - 6341. List the prime factors of u/22*8/1.
2, 23
Let w = -14342 + 26550. List the prime factors of w.
2, 7, 109
Suppose 0 = -299*i + 337*i - 92758. What are the prime factors of i?
2441
Suppose 2*u + 3*y - 119267 = 0, -3*y = 54*u - 53*u - 59629. List the prime factors of u.
2, 29819
Let o = 1247 - 2282. Let i = -587 - o. List the prime factors of i.
2, 7
Let r be (-8)/(-10)*(-2 + 17). Suppose p + 5 = 0, -4*f + 5*p - 454 = -127. What are the prime factors of (f/r)/((-5)/120)?
2, 11
What are the prime factors of (44307/(-36))/(4/(-16))?
3, 547
Let i(j) be the second derivative of j**5/20 + j**4/4 + j**3/3 + j**2 + 8*j. Let t be i(-3). List the prime factors of ((-14)/(-8))/(t + (-482)/(-120)).
3, 5, 7
Suppose 0*g - y = 3*g - 24, -5*g - 4*y + 47 = 0. List the prime factors of 1549/g - (12/(-7) + 2).
13, 17
Suppose 0 = -167*j - 116112 + 2331088 + 201180. What are the prime factors of j?
2, 3617
Suppose -15*h + 1161563 = 130688. What are the prime factors of h?
5, 2749
Let d = 41 - 45. Let t(w) = -w**3 - 3*w**2 + 5*w + 7. Let q be t(d). Suppose 0 = 2*z + 4*o - 304, -q*z + 2*o + 0*o = -456. What are the prime factors of z?
2, 19
Let u(h) = -6*h**2 - 639*h + 97. What are the prime factors of u(-34)?
14887
Let m(w) = 76*w**3 + 8*w**2 + 11. What are the prime factors of m(4)?
5003
Suppose -36*b = -33*b + 18. Let n(s) = -s - 6. Let x be n(b). Let v(r) = 5*r + 75. What are the prime factors of v(x)?
3, 5
List the prime factors of (81928/6 - 3) + (-161)/(-69).
2, 6827
Let i be 406/(-16) + (-15)/(-40). Suppose h - 238 = -295. Let g = i - h. What are the prime factors of g?
2
Let x = 2816 - 1228. List the prime factors of (x/6)/((-36)/(-54)).
397
Suppose 74*v - 71*v - 39 = 0. List the prime factors of 862 + (v + -7)/(5 - 2).
2, 3
Let g be (2 - (-54)/4)*(7 - -1). List the prime factors of 9/6*g/3.
2, 31
Suppose 2*m = -60 + 126. Suppose 17*n - m*n = -23872. List the prime factors of n.
2, 373
Let h(u) be the first derivative of u**3/3 + u**2/2 + 4*u - 9. Let i be h(-2). Suppose -i*p - 108 = -1122. What are the prime factors of p?
13
Let m(o) = 10*o**2 + 13*o + 8. Let a be m(10). Let c = -741 + a. What are the prime factors of c?
397
Let q(c) = -10*c + 2. Let g be q(0). List the prime factors of 56/16*18*(-1 + g).
3, 7
Let g = 5918 + 369. List the prime factors of g.
6287
Let k(r) = -r**3 - r - 2. Let b be 16/(-8)*1/2. Let w be k(b). What are the prime factors of (-45 + w)/(1 + 13/(-10))?
2, 3, 5
Let t = -1565 + 1591. Let m be (4/5)/(3/15). Suppose -m*u - 6 = -t. What are the prime factors of u?
5
Let c = 464 + -462. What are the prime factors of (-8 - (-3 - 6))*2910/c?
3, 5, 97
Let j = -318 + 321. Suppose j*i + 13*i = 7056. List the prime factors of i.
3, 7
Let d(p) = -6*p + 10. Let w be d(-12). Let u = w + -19. Suppose -4*x + u + 96 = -5*c, -4*x - 2*c = -194. What are the prime factors of x?
2, 23
Let l(v) = -v**3 - 16*v**2 - 22*v - 102. Let g be l(-15). Suppose g*h = 3*y - 531, -2*y - 7*h + 370 = -5*h. What are the prime factors of y?
181
Let d = 23087 + 20744. What are the prime factors of d?
53, 827
Suppose -4*j - 8 = -0. Let d be 2*j/(-12) + (-400)/48. What are the prime factors of (d/(-10))/((-18)/(-2475))?
2, 5, 11
Let w(l) = -792*l**3 - 2*l**2 + 1. Let x be w(2). Let s = -943 - x. What are the prime factors of 4/26 + s/52?
2, 13
Suppose -36 = -12*s - 0*s. List the prime factors of (550/(-15)*s)/((-1)/7).
2, 5, 7, 11
Let c = 333 + -330. Suppose c*x - 4*b = 3845, -x - 2*b = -619 - 676. What are the prime factors of x?
3, 11, 13
Let g = 9684 + -5731. List the prime factors of g.
59, 67
Let u be 6/(-6)*(0 - 0). Suppose u = -10*p - 225 + 955. List the prime factors of p.
73
Let h be -12 - -17 - (4 - 2). Suppose 4*z - 514 = -n, -2*n = -7*n - h*z + 2553. List the prime factors of n.
2, 3, 5, 17
Suppose -180 = -5*n + 5*s, 0 = 5*n - 2*s + 6*s - 180. List the prime factors of 1 + 14823/n + (-2)/(-8).
7, 59
Let b(h) = -9*h**3 + 17*h**2 - 26*h - 122. What are the prime factors of b(-9)?
2, 5, 7, 23
Let l(k) = -766*k - 9374. What are the prime factors of l(-62)?
2, 3, 6353
Suppose 3*l - z - 9156 = -358, z + 5865 = 2*l. List the prime factors of l.
7, 419
Let j = -23 - -25. Let p(x) = x**2 - 4*x**2 - 9*x + j*x**2 + 14 + 4*x**2. What are the prime factors of p(5)?
2, 11
Suppose -5*k = 0, -2*b + 8*k = 3*k - 1058. Let j = 743 - b. List the prime factors of j.
2, 107
Let k(d) = d**3 - 10*d**2 - 9*d + 10. Let b be k(11). List the prime factors of ((-1046)/4)/((-16)/b).
523
Suppose -3*m + 1432 - 16798 = -q, q + 2*m = 15351. What are the prime factors of q?
3, 5119
Let a(i) = -8*i**2 + 3*i + 1. Let f be a(1). List the prime factors of -5 + (f - 2330)/(-6).
2, 3
Let b(p) = p**3 - 11*p**2 - 7*p + 6. Let v(r) = r**3 - 13*r**2 - 6*r + 6. Let l(u) = -3*b(u) + 2*v(u). List the prime factors of l(-11).
3, 691
Suppose -4*b = -3*g + 4*g - 1, 0 = 5*g + 5*b - 20. Suppose 3*a + 0*z + g*z - 440 = 0, 756 = 5*a - 3*z. List the prime factors of a.
2, 3, 5
Suppose 3*g - 3*i - 156536 = -2*i, -g + 52188 = -5*i. What are the prime factors of g?
2, 7, 3727
Let x = 67 - 26. Let f = x - 43. What are the prime factors of 1/(-3)*f*72?
2, 3
Let y(w) = 29*w + 25. Let d = -94 + 98. List the prime factors of y(d).
3, 47
Suppose -2*m = 8, 18*m - 45 = -5*a + 23*m. Let x(b) = 66*b + 43. What are the prime factors of x(a)?
373
Let k = -52 - -52. Suppose k = -0*r - 2*r. Suppose 3*x + 1 - 55 = r. What are the prime factors of x?
2, 3
Suppose 3*v + 2*v - 3*m - 28211 = 0, 3*v - m - 16925 = 0. What are the prime factors of v?
5641
Suppose 11*w - 87996 = -w. List the prime factors of w.
7333
Let b(i) = -i**2 + 35*i - 150. Let k be b(5). Suppose 13720 = 14*j - k*j. What are the prime factors of j?
2, 5, 7
Suppose o = 9297 + 559 + 16498. What are the prime factors of o?
2, 13177
Suppose 5*j = -2*k - 23 - 4, -11 = 2*j + k. What are the prime factors of (0 + 0)/j - -321?
3, 107
List the prime factors of 20 + (-14766)/(-18) + (-2)/6.
2, 3, 5, 7
Let m(q) = -5720*q + 3367. What are the prime factors of m(-6)?
13, 223
Let c(y) = 2*y - 15. Let l(x) = x**2 - 24*x + 55. Let j be l(22). Let w be c(j). Let a = w + 11. What are the prime factors of a?
2, 3
Let k = 721 - 715. Let t(w) be the first derivative of 13*w**2/2 - 8*w + 1. What are the prime factors of t(k)?
2, 5, 7
Let s be (1 + 5)*-52*(-4)/96. Suppose -12479 = -s*f - 1520. What are the prime factors of f?
3, 281
Let x = 6948 - 748. What are the prime factors of x?
2, 5, 31
Suppose i - 2*a = 8251, -a + 175 = 177. What are the prime factors of i?
3, 2749
Let r(a) = a**3 - 4*a**2 - 11*a - 9. Let g(y) = y + 15. Let d be g(13). Suppose 0 = -6*b + 20 + d. What a